-3 - (7 - (-10 - -26)).
6
Calculate (-2 + 0 - -3) + 1 + -2.
0
What is the value of -3 - (-4 + 0 + 2 - 0)?
-1
Calculate -3 - (-1 + -5 + (12 - 9)).
0
-3 + 5 + (-3 - -3)
2
Evaluate 3 - 1 - (26 + -16).
-8
What is (-5 - -7 - 2) + -2?
-2
What is the value of -2 + (-3 - -2 - (-2 + -5))?
4
Evaluate -2 + (-1 - -1) + 3 + 0.
1
Evaluate -3 + (-1 - (2 - 1 - 0)).
-5
Evaluate -1 + 0 + -9 + 9.
-1
What is the value of -2 + -2 + (13 - 6) - 7?
-4
What is 5 + (-3 - (0 - 1))?
3
2 + (1 - 6 - -6)
3
Calculate -3 - -2 - (4 + -1).
-4
Evaluate (2 - (10 - 6)) + 6.
4
(-2 - 0 - 3) + 0 + 8
3
-1 + (3 - 0 - 7)
-5
Evaluate -6 - -5 - (-5 - -6).
-2
Evaluate -3 + -5 + (-28 - -36).
0
Calculate 0 + 4 + -11 + 3.
-4
What is the value of -16 + 7 - (15 + -20)?
-4
What is (2 - 7) + (4 - 0)?
-1
What is (10 - 7) + (-3 - 0)?
0
What is 1 - (-11 + 2 + 6)?
4
Calculate (-1 + 2 - (5 + 1)) + 4.
-1
Evaluate -5 + (2 - (-6 + 7 + -2)).
-2
Calculate 8 + (1 - (9 - 4)) + -4.
0
Calculate -5 + (-3 + 6 - -6 - 4).
0
(0 - ((1 - -3) + -2)) + 1
-1
Evaluate 11 + -10 + (-2 - -5 - 3).
1
What is -4 + (-10 - (-13 + 5))?
-6
What is 2 - 6 - (16 - 27) - 3?
4
Evaluate 3 + 0 + -4 + -2 + 2.
-1
Evaluate -1 + 11 + -6 + -2.
2
Evaluate -7 - -12 - (-1 - -2).
4
What is 1 - 0 - (-1 + 1) - 4?
-3
What is the value of -152 - -159 - (7 + 0)?
0
Evaluate 24 + -22 - (7 + 0).
-5
What is 1 + 5 - (8 - 2 - 2)?
2
(7 - 17) + (0 - (-5 + 2))
-7
Calculate 16 + -18 - (-2 + 2 - -2).
-4
Calculate -2 + 0 - (2 - (7 + -4)).
-1
What is -11 + 2 + (7 - -5)?
3
-4 - (0 + -7 - (4 + 0))
7
What is -1 + 9 - (66 + -54)?
-4
15 + -24 + (9 - 0) + 0
0
What is (0 - 0) + (-94 - -91)?
-3
What is the value of 13 + -16 + (6 - 3)?
0
Calculate -1 + (0 - 5) + 8.
2
Evaluate 2 + 1 + 2 + -4 + -2.
-1
What is the value of (5 - 6) + 3 + (6 - 1)?
7
Calculate (-10 - (9 - 21)) + -1.
1
What is the value of -5 - (-1 + 0 - -1)?
-5
Evaluate (-1 - 0 - (0 + -4)) + -5.
-2
(-53 - -51) + (1 - 0)
-1
Evaluate 1 + (0 - (14 - 4)) + 4.
-5
-5 - 0 - -2 - (0 - -5)
-8
Calculate (-10 - (-21 + -5)) + -10.
6
What is 1 + 0 + -8 + (32 - 18)?
7
(-5 - (-3 + -5)) + -8 - -4
-1
What is 3 + -2 + -1 - -4?
4
What is the value of -12 + (-3 - 0) + 7 + 2?
-6
3 + (6 + 3 - 9)
3
4 + -18 + (8 - -5)
-1
What is the value of 2 + (2 - 1) + 1 + -1?
3
What is (1 - -7 - 3) + -7?
-2
What is the value of (-2 - 5 - 0) + 8?
1
What is 30 - 31 - (1 + 0)?
-2
Evaluate 0 + -4 + 1 - (21 - 20).
-4
What is 86 + -85 + -4 + 2 + -4?
-5
What is the value of (-10 - (-1 - 0)) + (299 - 297)?
-7
What is the value of 0 - (-1 + 10 + -9)?
0
What is the value of 8 + (-1 - 8) + 9?
8
Evaluate 9 + (-3 - 6) - (-6 + 1).
5
Evaluate (-3 - (3 + -6)) + (-2 - 2).
-4
Calculate 2 + -2 + 2 + -2 + -1.
-1
Calculate (2 - 4) + (-1 - -1).
-2
What is 2 - (-4 - (-2 - 1))?
3
Evaluate 4 + (-4 - 4 - -4) - -1.
1
Evaluate (9 - 8) + (4 - 2).
3
What is the value of (-4 - (0 - 0)) + (31 - 32)?
-5
-29 + 25 - (-2 + 1 + 0)
-3
What is the value of 2 + -2 - -2 - 0?
2
What is 3 + 1 - ((-3 - -3) + 6)?
-2
Calculate (1 - 0) + 3 + -5.
-1
What is 4 - 1 - (17 + -11)?
-3
-1 - (3 + (-3 - -1))
-2
8 - (14 + -7) - (9 + 2)
-10
Calculate (9 - -1) + -2 - (6 - 1).
3
What is 8 + 2 + (-11 - -4) + -3?
0
-6 + -5 + 14 + 0
3
-10 - 0 - (83 + -86)
-7
Evaluate 0 + (2 - (-2 + 6)).
-2
What is (-18 - -8) + (-3 - -9)?
-4
-4 - -1 - (-3 - 1 - -5)
-4
-23 - -22 - (-7 - -1)
5
Calculate -3 - -1 - (-25 + 28).
-5
-2 + 0 + (5 - -2)
5
(-2 - 0) + 2 + -2 + -3
-5
Evaluate 34 - 28 - ((-1 - 2) + 3).
6
What is the value of 7 - (5 - 3 - -1)?
4
-9 + -1 + 4 + -1
-7
What is -4 + (3 - (-7 - -3))?
3
What is -22 + 14 - ((0 - 2) + -1)?
-5
What is the value of (18 - 14) + 2 + -6?
0
-7 + 7 + -4 + 1 + 4
1
What is 1 + -5 + 78 + -74?
0
Calculate -1 - 2 - -1 - (-3 + 3).
-2
Calculate 3 - -2 - 11 - -3.
-3
What is (0 - -10) + (12 - 18)?
4
What is (35 - 25) + -6 + -1?
3
Evaluate (0 - (19 + -22)) + (1 - -1).
5
43 + -48 + (1 + -1 - 0)
-5
What is the value of (2 - 4 - (-1 + -4)) + 2?
5
-4 - 1 - (-2 + -5)
2
-16 + (6 - -10) + 0 + -1
-1
Evaluate -5 + 8 + (-11 - -4).
-4
Evaluate -7 + (-6 - -5) - -7.
-1
Calculate -4 + 4 + 0 + -6 - -2.
-4
What is the value of 5 + -8 + 4 + -6?
-5
What is the value of 5 + 0 + -1 - (1 + -2)?
5
What is the value of -5 + 1 - (0 - 3)?
-1
Evaluate -2 - (0 - -1) - (0 - -1).
-4
Calculate -3 - (6 + -6 + 4).
-7
What is the value of -1 + 2 + (14 - 20)?
-5
Evaluate 2 + (-5 - (1 + -10 + 4)).
2
(-7 + 5 + 6 - 11) + 1
-6
What is 6 + (-24 - -26 - (13 + 0))?
-5
Calculate -3 - (-3 + 3) - -3 - -1.
1
What is the value of 2 + 1 + (7 - 13)?
-3
Calculate -2 + (0 - -2) - 0.
0
Calculate 4 + -4 + 1 + (-4 - 2).
-5
What is the value of -2 + (-2 - (-3 - 2))?
1
Evaluate (-6 - -1) + (7 - -1).
3
(5 - -1) + (-12 - 4) + 14
4
What is the value of -7 + 2 + 10 + -8?
-3
What is the value of -2 - -6 - (-6 + 13)?
-3
(-9 + 4 - -6) + 1 + 1
3
Evaluate -4 - (0 - (0 + 1)) - -2.
-1
4 + 3 + -3 - 2
2
-3 - ((10 - 12) + -2 + 9)
-8
6 + 3 + 2 + -7
4
What is 8 + (-7 - -18) + -15?
4
Calculate (7 - -1) + -2 + 223 + -233.
-4
What is 4 - (0 - -1) - (9 + -11)?
5
6 + 5 + -6 + -3
2
Evaluate 2 + (6 - 10) + -2.
-4
Calculate (-1 - ((-4 - -2) + 0)) + 1.
2
What is the value of (7 - (3 - 0)) + (5 - 5)?
4
What is the value of (5 - 2) + 2 + -5 + 2?
2
Evaluate (-1 - (0 + -4)) + (1 - 4).
0
Evaluate -5 + 0 + (2 - -1) - 1.
-3
What is the value of (-68 - -78) + -10 + 1?
1
Evaluate 12 + -1 + -4 + -3.
4
-3 + 2 + -3 + 3 + 2
1
Evaluate -36 + 33 + 0 + 5.
2
(5 + -1 - (39 + -38)) + -3
0
What is the value of (-11 - -5) + (-3 - -3)?
-6
What is the value of 4 - (1 - (-9 + 3))?
-3
What is -87 + 95 - (12 - 2)?
-2
What is the value of 1 - (4 + 1) - -8?
4
What is -2 - (4 + -3 + -9 - -5)?
1
What is 1 + -3 + -1 + -1 + 6?
2
Calculate 4 - 2 - 8 - (0 - 1).
-5
-8 - -1 - (-35 + 24)
4
Evaluate 3 - (15 - (-4 - -15)).
-1
Calculate (14 - 4) + (0 - (-7 - -12)).
5
Calculate (3 - 0) + 5 + 3 + -4.
7
Calculate -1 - -2 - (10 - (-16 - -33)).
8
Calculate -2 + (-5 - (4 - 24) - 4).
9
Evaluate 4 + (6 - 10 - 0).
0
What is the value of 3 - (8 + 0) - (4 - 1)?
-8
What is the value of 0 + 1 + -2 + (5 - 1)?
3
What is -3 + 3 + -5 + 2 - 1?
-4
(-9 - -3 - -5) + 3
2
Evaluate 4 + -2 + 0 + (-4 - -4).
2
Evaluate -7 - -2 - (-4 - 0).
-1
Evaluate 1 + (1 + 2 - 6) - -1.
-1
-4 - (-4 + (1 - -3))
-4
What is (17 - -3) + (-10 - 1)?
9
Evaluate 4 + -1 + -6 - -1.
-2
Evaluate (6 + -9 - -3) + -4.
-4
Evaluate (-2 + -9 - -4) + (31 - 17).
7
1 - (11 + -6) - -1 - -1
-2
Calculate 2 + -6 - (4 + -2 + -2).
-4
Evaluate 0 - (0 + (2 - 6)).
4
Evaluate 3 + -8 + 2 + 1 + -1.
-3
Calculate -13 + 14 + (-5 - -1).
-3
Evaluate -2 - ((8 - 2) + -3).
-5
Calculate 3 + 1 - (11 + -5 + 4).
-6
-15 - (12 - (-8 - -31))
-4
What is the value of (2 - (-10 + 16)) + 1 + -4?
-7
What is 3 - (-1 + (4 - 4))?
4
Calculate 11 - (8 - 8) - 7.
4
Evaluate -64 - -56 - ((-7 - -1) + 3).
-5
What is -2 + (-1 - (1 + -6)) - 3?
-1
-5 - -3 - 3 - -5
0
Calculate (-7 - -4) + (13 + -3 - 2).
5
0 - (-5 + 1 - 0)
4
-1 - -4 - (0 + -3 + 1)
5
Calculate (1 - -1) + -3 + 3.
2
What is the value of -9 + 4 + (0 - -2) - -2?
-1
Evaluate 10 - 15 - (2 + -5 + 3).
-5
What is -9 - -7 - (0 - 4) - 2?
0
What is the value of -10 + (12 + -9 - -13)?
6
What is the value of 0 + 0 + (-30 - -26)?
-4
What is the value of 1 + -6 + -4 + 12?
3
What is the value of -4 + (3 - (1 - 3 - -5))?
-4
Calculate -5 + -7 + (4 - 0) + 3.
-5
What is the value of (3 - (-1 - 4)) + -12?
-4
-4 + -6 + (-7 - -7 - -8)
-2
What is the value of 5 + (-4 - 1) + 1?
1
What is the value of 4 - (17 - (1 - -7))?
-5
Calculate 6 + -2 + -10 - (6 - 2).
-10
Evaluate (4 + -3 - -3) + (-3 - -4).
5
What is -40 - -39 - (2 - (-8 - -4))?
-7
What is the value of -5 - (0 + -5 + 3 - 0)?
-3
Calculate -8 + -1 + (9 - 5).
-5
Calculate 4 + -4 + -2 - (2 - -1).
-5
What is -11 - (-5 - 14) - 7?
1
What is 2 - ((5 - 2) + 0 + 1)?
-2
What is (-5 - -2) + (1 - (-5 - -1))?
2
Evaluate (1 - 4) + 5 + -1 + 4.
5
What is the value of -6 - (-2 - (-2 + 5))?
-1
Evaluate -12 + 12 + 2 + 0 + -6.
-4
Evaluate 3 + (4 + -8 - (5 - 9)).
3
What is (3 - -1) + (5 - 6)?
3
-2 - (-7 - -10 - 4)
-1
Evaluate 7 - (3 + -1 - (-6 + 4)).
3
Evaluate 3 - (-1 - 0 - -9).
-5
Calculate 3 + (3 + 1 + -6 - 2).
-1
What is -10 + 3 + 12 - (-2 + 2)?
5
0 + 5 - ((2 - -4) + 5)
-6
(3 - 1) + (-8 - -1)
-5
Evaluate -1 + (3 - (1 + 8)) - -9.
2
What is -4 - 6 - (-7 - 0)?
-3
What is the value of 1 + (1 - -3) + -5?
0
What is the value of (7 - 3) + -12 - -2 - 